 -20*w + 19*w. Calculate the remainder when 8 is divided by w.
2
Suppose 197 = 18*l - 325. Calculate the remainder when 200 is divided by l.
26
Let v be 0*(-1)/(-3) - 0. Suppose v*k - 5*k = -15. Suppose 34*b - 186 - 120 = 0. Calculate the remainder when b is divided by k.
0
Let q(p) = p**3 - 2*p**2 - p + 5. Suppose 0 = j + 14*j + 390. Calculate the remainder when q(5) is divided by 131/7 - (j/(-7) - 4).
18
Let w be ((-4)/(-5))/((-8)/(-580)). Suppose -2*x + w = -2*n, -16 - 68 = -3*x + 2*n. Calculate the remainder when 77 - (4/(-2) - -3) is divided by x.
24
Suppose 30*i - 26*i - 12 = 0. Suppose -2*y = i*g - 85, 3*y + 0*g = g + 144. Calculate the remainder when y is divided by 10.
7
Let m(o) = -15*o + 1. Suppose 0 = -124*j + 13641 + 5207. What is the remainder when j is divided by m(-2)?
28
Let b(c) = 36*c**2 - 10*c - 6. Calculate the remainder when 231 is divided by b(-1).
31
Suppose 4*m - 313 = -z, -32*z - 5*m + 1625 = -27*z. Calculate the remainder when z is divided by 106.
11
Suppose 0 = -9*r + 639 - 36. What is the remainder when 332 is divided by r?
64
Suppose -4*y + 40 = 4*d, 0 + 20 = 5*y. Suppose d*t = 8*t - 48. Calculate the remainder when t is divided by 13.
11
Let n be 12*3/((-9)/(-3)). Suppose 25 = -7*z + n*z. What is the remainder when (4 + -2)/(12/42) is divided by z?
2
Let v = 50 + -8. Let y = -16 + v. Calculate the remainder when y is divided by 7.
5
Suppose 5 = 4*u + w - 18, -3*w + 4 = -u. Suppose 27 = u*s - p, 15 = 3*s - 4*p + 3*p. What is the remainder when 35 is divided by s?
5
Let k(q) = 2*q**2 + 3*q - 8. Let b be 14/(-3 + 1) - -1. What is the remainder when k(b) is divided by 13?
7
Let y = -252 - -395. What is the remainder when y is divided by 18?
17
Let f(w) = w**3 + 5*w**2 - w - 2. Let s be f(-5). Let h be (s/(-2))/(24/(-64)). Calculate the remainder when ((-132)/8)/((-2)/h) is divided by 18.
15
Let t(f) = 4*f**2 + 2*f + 1. Let j be t(-1). Let w be 5/(-2) + j/6. Calculate the remainder when w/(2/(-92)*4) is divided by 6.
5
Suppose 42 = 2*k + 4*k. Suppose 8*g = k*g + 3. Suppose 0 = -3*q - x + 6, 5*q + 0*x - 21 = 2*x. Calculate the remainder when g is divided by q.
0
What is the remainder when ((-62)/(-8))/(((-133)/644)/(-19)) is divided by 42?
41
Let y = -148 - -154. Calculate the remainder when 70 is divided by y.
4
Suppose 4*t = -2*t - 624. What is the remainder when 47 is divided by (-1)/(2*4/t)?
8
Let u = 6 - 8. Suppose 3*a - 63 = -0*a - d, 41 = 2*a + d. Calculate the remainder when a is divided by 0 - (24/u + 0).
10
Let v(d) = 2*d**3 - 16*d**2 - 14*d - 26. What is the remainder when 257 is divided by v(9)?
7
Let h(x) = 57*x + 1. Suppose -7*m + 17*m = 860. Suppose 0 = m*d - 78*d - 160. What is the remainder when h(1) is divided by d?
18
Suppose -969 = -5*o + 2*r, o = 5*r + 67 + 113. What is the remainder when o is divided by 103?
92
Let n = 298 + -194. Let s = n + -61. Let w = -18 + 29. Calculate the remainder when s is divided by w.
10
Suppose y + y = -3*c - 79, -5*y - 4*c - 215 = 0. Let l = y + 88. Calculate the remainder when l is divided by 14.
13
Calculate the remainder when 109 is divided by 1/16*478 + 23/184.
19
Let x be -5 + 7 - (-2 + -2). Suppose -x*o = -8*o + 70. What is the remainder when 103 is divided by o?
33
Let f = 48 + -18. What is the remainder when 239 is divided by f?
29
Suppose 1 = -b + 3. Suppose 0 = 4*c - 5*y + 51, -15 = 2*c - b*y + 3*y. Calculate the remainder when 1 - (-285)/(-4 - c) is divided by 20.
18
Let v = 63 - 2. What is the remainder when 225 is divided by v?
42
Suppose -9*g + 2*g = -273. Let y = -7 - -15. What is the remainder when g is divided by y?
7
Let i(c) = -c**3 + 7*c**2 + 7*c - 10. Let j be i(8). Let z = j - -29. Suppose 0 = -3*h + 46 + 17. Calculate the remainder when h is divided by z.
10
Suppose 8*j - 308 = 4*j. Let c = -56 + j. Calculate the remainder when 62 is divided by c.
20
Let v = 9 - -7. Suppose 4 = 10*h - 46. Suppose -t + 237 = h*o - 5*t, -3*t = -o + 54. What is the remainder when o is divided by v?
13
Suppose 2*h - 5*p + 9 = -0*h, 3*h = -4*p + 44. Suppose h*b - 2 = 198. Calculate the remainder when 121 is divided by b.
21
Let a(y) = 2*y**2 - y + 5. What is the remainder when a(-6) is divided by (-2 - -3)*3 - -11?
13
Suppose 11*y - 525 - 1103 = 0. What is the remainder when y is divided by 30?
28
Let c(h) = -10*h**3 - 2*h**2 + 3*h - 2. Calculate the remainder when c(-2) is divided by 5.
4
Suppose 2*g - 5*z = -0*g + 118, -5*z = -g + 69. Let d be g/(-6) + (-2)/(-12). Let r(s) = -3*s - 14. Calculate the remainder when 34 is divided by r(d).
4
Let c(n) = 3*n - 1. Let f be c(2). Suppose -143 = -3*h - x, 0*x = -3*h + f*x + 167. What is the remainder when h is divided by 10?
9
Let u = 117 - 78. Let h = -5542 + 5565. Calculate the remainder when u is divided by h.
16
Let l = -39 - -94. Let q(m) = -5*m + 39. Let o = -65 + 69. What is the remainder when l is divided by q(o)?
17
Let j(p) = 54*p + 199. What is the remainder when 141 is divided by j(-3)?
30
Suppose 0*x - 2*x = -16. Let q(m) = 4 - 6 + 10*m**3 - x*m**3 - 3*m + 0 - 3*m**2. Calculate the remainder when 30 is divided by q(3).
14
Let s = 353 - 246. Suppose 2*b + s = x + 39, -4*b + 298 = 5*x. Calculate the remainder when x is divided by 16.
14
Suppose 49 = 9*k - 50. What is the remainder when 252 is divided by k?
10
Suppose 3*o = -6, v - 4*o - 26 = 4. Suppose 4*j - 226 + v = 0. Suppose 3*q - 6*q = -78. Calculate the remainder when j is divided by q.
25
Suppose 2*x + 218 - 1135 = -5*q, -941 = -2*x + 3*q. What is the remainder when x is divided by 78?
76
Suppose 3*j = 4*s + 201, -3*s + 93 = 2*j - 24. Suppose 2*t = 2*v + 22 + 18, 0 = 4*v - 8. Calculate the remainder when j is divided by t.
19
Let w(d) = d**3 + 13*d**2 + 23*d - 86. Let r(q) = -q**3 + 328. Calculate the remainder when r(0) is divided by w(-7).
46
Let y be 1 - ((1 - 0) + -39). Let z = -6 + y. Suppose 24 = 2*k - 0*k. What is the remainder when z is divided by k?
9
Let g(t) = -t**2 - 19*t - 10. What is the remainder when (3 - 9)*7/(-2) is divided by g(-18)?
5
Suppose -b + 2 = w - 0, 2*b = -10. Suppose -140 = w*j - 11*j. Let v(l) = -l + 3. Calculate the remainder when j is divided by v(-9).
11
What is the remainder when 459 is divided by ((-39)/(-65))/(1/95)?
3
Let z(n) = 7*n**2 - 2*n - 2. Let j(u) = -4*u**2 - 19*u - 4. What is the remainder when z(-3) is divided by j(-3)?
16
Suppose 0 = 5*q + 1 - 6. Suppose -t + 12 = -3*t. Calculate the remainder when (t/(-10))/(1/5) is divided by q.
0
Let u(k) = 2*k**2 + 52*k + 28. Calculate the remainder when u(-26) is divided by 3.
1
Calculate the remainder when 426 is divided by (3 - 31/7)/(14/(-1372)).
6
Suppose 0 = -j + d + 40, -j - 4*d + 60 = -0*j. Calculate the remainder when j is divided by 15.
14
Suppose 5760 = 5*l + 3*w, 2*l + 2*w - 1462 - 846 = 0. Calculate the remainder when l is divided by 32.
29
Let w be ((-2)/(-3))/(0 + 4/54). Suppose -24 + 330 = w*i. Calculate the remainder when 67 is divided by i.
33
Let g(o) = -o**3 - 13*o**2 - 9*o - 253. Calculate the remainder when g(-15) is divided by 112.
108
Suppose 5*p = -8 - 22. Let o be (-1)/3 + (-14)/p. Suppose -o*x - 3*x = -10. What is the remainder when 5 is divided by x?
1
Suppose 0 = 5*g + 3*f - 317, -3*g = -4*f + 58 - 254. Let b = g - 50. Calculate the remainder when 52 is divided by b.
10
Suppose -4*z - 28 = 3*z. Calculate the remainder when 11 is divided by z/(-14) - 846/(-126).
4
Suppose 9*u = 4*u + 1390. Suppose -8*k + 26 + u = 0. What is the remainder when k is divided by 21?
17
Let n be -4*(3/(-12) + -1). Suppose -n*y = k + 3*k - 271, 0 = y + 4*k - 51. What is the remainder when y is divided by 14?
13
Let y(a) = -7*a**3 - 3*a + 1. Let w be y(-2). Let q = -37 + w. Calculate the remainder when q is divided by 7.
5
Let l(m) = 6*m**2 - m. Let z = -55 + -87. Let j = z - -243. What is the remainder when j is divided by l(-2)?
23
Suppose -2*x + 2*h - 20 = -2*h, -4*x - 28 = -5*h. Calculate the remainder when (-528)/(-8) + x/(-2) is divided by 17 + -1 - (-60 - -59).
16
Let s = 46 - 44. Suppose -s*w + 108 = -4*b, 0 = 4*w + 5*b - 96 - 133. What is the remainder when w is divided by 19?
18
Suppose 3*h + 810 = -14*o + 17*o, 2*o = -h + 531. Calculate the remainder when o is divided by 18.
15
Let b(u) = -6*u - u**3 - 2*u**2 + 10*u - 3 + 3*u + 4. Calculate the remai